?
0
What is the units digit of 53785?
5
What is the units digit of 154?
4
What is the units digit of 189460?
0
What is the hundreds digit of 163668?
6
What is the units digit of 1256?
6
What is the thousands digit of 1947?
1
What is the tens digit of 51784?
8
What is the thousands digit of 4419?
4
What is the tens digit of 1635?
3
What is the units digit of 4309?
9
What is the thousands digit of 18285?
8
What is the thousands digit of 24658?
4
What is the hundreds digit of 1462?
4
What is the hundreds digit of 992?
9
What is the tens digit of 4729?
2
What is the units digit of 3178?
8
What is the hundreds digit of 4691?
6
What is the hundreds digit of 10476?
4
What is the hundreds digit of 2192?
1
What is the hundreds digit of 646?
6
What is the tens digit of 4722?
2
What is the units digit of 268?
8
What is the ten thousands digit of 18875?
1
What is the units digit of 1231?
1
What is the hundreds digit of 169742?
7
What is the thousands digit of 2550?
2
What is the ten thousands digit of 42489?
4
What is the tens digit of 21451?
5
What is the thousands digit of 29380?
9
What is the units digit of 1474?
4
What is the tens digit of 11003?
0
What is the tens digit of 2263?
6
What is the hundreds digit of 13388?
3
What is the thousands digit of 19554?
9
What is the hundreds digit of 12328?
3
What is the tens digit of 167370?
7
What is the ten thousands digit of 25642?
2
What is the tens digit of 106?
0
What is the units digit of 512?
2
What is the units digit of 1269?
9
What is the hundreds digit of 17767?
7
What is the thousands digit of 8415?
8
What is the thousands digit of 2973?
2
What is the thousands digit of 3170?
3
What is the units digit of 14147?
7
What is the thousands digit of 21017?
1
What is the hundreds digit of 111?
1
What is the tens digit of 258?
5
What is the tens digit of 2452?
5
What is the thousands digit of 1032?
1
What is the thousands digit of 1294?
1
What is the hundreds digit of 141796?
7
What is the hundreds digit of 1552?
5
What is the units digit of 122?
2
What is the thousands digit of 71551?
1
What is the hundreds digit of 843?
8
What is the units digit of 178170?
0
What is the hundreds digit of 262?
2
What is the hundreds digit of 111836?
8
What is the units digit of 34055?
5
What is the units digit of 5437?
7
What is the hundreds digit of 6954?
9
What is the thousands digit of 4433?
4
What is the tens digit of 4313?
1
What is the ten thousands digit of 18731?
1
What is the tens digit of 4336?
3
What is the tens digit of 742?
4
What is the thousands digit of 6933?
6
What is the tens digit of 1460?
6
What is the thousands digit of 14025?
4
What is the tens digit of 64519?
1
What is the hundreds digit of 8211?
2
What is the hundreds digit of 83296?
2
What is the units digit of 142?
2
What is the units digit of 7106?
6
What is the hundreds digit of 29909?
9
What is the hundreds digit of 32747?
7
What is the tens digit of 1276?
7
What is the hundreds digit of 14423?
4
What is the thousands digit of 5955?
5
What is the tens digit of 22276?
7
What is the tens digit of 986?
8
What is the hundred thousands digit of 157061?
1
What is the thousands digit of 1049?
1
What is the hundreds digit of 30217?
2
What is the tens digit of 1775?
7
What is the units digit of 258?
8
What is the tens digit of 639?
3
What is the units digit of 9295?
5
What is the hundreds digit of 50938?
9
What is the tens digit of 52?
5
What is the hundreds digit of 1999?
9
What is the units digit of 591?
1
What is the thousands digit of 62155?
2
What is the units digit of 2450?
0
What is the hundreds digit of 2240?
2
What is the hundreds digit of 3971?
9
What is the hundreds digit of 665?
6
What is the tens digit of 502?
0
What is the hundreds digit of 10871?
8
What is the hundreds digit of 9331?
3
What is the tens digit of 38908?
0
What is the units digit of 40?
0
What is the thousands digit of 2967?
2
What is the units digit of 710?
0
What is the hundreds digit of 3352?
3
What is the hundreds digit of 13778?
7
What is the thousands digit of 12752?
2
What is the thousands digit of 5825?
5
What is the tens digit of 94570?
7
What is the tens digit of 1347?
4
What is the units digit of 17870?
0
What is the units digit of 2912?
2
What is the tens digit of 562?
6
What is the thousands digit of 6152?
6
What is the hundreds digit of 3619?
6
What is the units digit of 388?
8
What is the tens digit of 18181?
8
What is the thousands digit of 2429?
2
What is the units digit of 508?
8
What is the units digit of 987?
7
What is the tens digit of 318?
1
What is the hundreds digit of 1315?
3
What is the thousands digit of 1396?
1
What is the hundreds digit of 20927?
9
What is the hundreds digit of 8323?
3
What is the units digit of 221?
1
What is the hundreds digit of 27771?
7
What is the thousands digit of 11054?
1
What is the units digit of 669?
9
What is the hundreds digit of 4838?
8
What is the hundreds digit of 44243?
2
What is the thousands digit of 2592?
2
What is the units digit of 16238?
8
What is the tens digit of 49445?
4
What is the hundreds digit of 155246?
2
What is the tens digit of 2069?
6
What is the thousands digit of 13829?
3
What is the ten thousands digit of 23815?
2
What is the tens digit of 780?
8
What is the units digit of 1963?
3
What is the units digit of 5221?
1
What is the thousands digit of 119498?
9
What is the hundreds digit of 1928?
9
What is the hundreds digit of 1553?
5
What is the tens digit of 7110?
1
What is the units digit of 69055?
5
What is the hundreds digit of 4384?
3
What is the hundreds digit of 8788?
7
What is the tens digit of 4504?
0
What is the thousands digit of 30130?
0
What is the tens digit of 4139?
3
What is the units digit of 927?
7
What is the hundreds digit of 15686?
6
What is the hundreds digit of 1411?
4
What is the tens digit of 26713?
1
What is the thousands digit of 2682?
2
What is the thousands digit of 6918?
6
What is the ten thousands digit of 41049?
4
What is the hundreds digit of 15319?
3
What is the hundreds digit of 12617?
6
What is the tens digit of 1376?
7
What is the tens digit of 2439?
3
What is the thousands digit of 1164?
1
What is the units digit of 21308?
8
What is the tens digit of 4577?
7
What is the thousands digit of 12233?
2
What is the hundreds digit of 1406?
4
What is the hundreds digit of 573?
5
What is the tens digit of 200?
0
What is the tens digit of 4914?
1
What is the ten thousands digit of 12318?
1
What is the units digit of 12264?
4
What is the ten thousands digit of 36100?
3
What is the units digit of 30130?
0
What is the hundreds digit of 10439?
4
What is the hundreds digit of 35801?
8
What is the thousands digit of 3168?
3
What is the units digit of 2688?
8
What is the thousands digit of 1198?
1
What is the hundreds digit of 2943?
9
What is the thousands digit of 1289?
1
What is the tens digit of 5252?
5
What is the tens digit of 1759?
5
What is the units digit of 1065?
5
What is the hundreds digit of 224?
2
What is the tens digit of 56344?
4
What is the tens digit of 69692?
9
What is the tens digit of 52740?
4
What is the thousands digit of 6654?
6
What is the tens digit of 1097?
9
What is the units digit of 469?
9
What is the hundreds digit of 999?
9
What is the ten thousands digit of 98527?
9
What is the ten thousands digit of 12718?
1
What is the units digit of 911?
1
What is the hundreds digit of 28398?
3
What is the hundreds digit of 1297?
2
What is the hundreds digit of 305?
3
What is the hundreds digit of 3973?
9
What is the tens digit of 2968?
6
What is the hundreds digit of 41003?
0
What is the units digit of 58920?
0
What is the units digit of 7935?
5
What is the hundreds digit of 445?
4
What is the units digit of 9764?
4
What is the tens digit of 290?
9
What is the thousands digit of 9385?
9
What is the hundreds digit of 1106?
1
What is the ten thousands digit of 10985?
1
What is the units digit of 3185?
5
What is the hundreds digit of 29576?
5
What is the thousands digit of 4832?
4
What is the thousands digit of 1713?
1
What is the thousands digit of 2462?
2
What is the ten thousands digit of 17035?
1
What is the thousands digit of 1354?
1
What is the tens digit of 22366?
6
What is the thousands digit of 6277?
6
What is the tens digit of 5666?
6
What is the